3 + 6*m**2 - 10*m + 6. Let n be u(3). Let w = n - y. What is the units digit of w?
3
Suppose 0 = -5*n + 20, -3*q - 6*n = -9*n - 72561. What is the hundreds digit of q?
1
Let n be 42/11 - (-14)/77. Suppose 3*t + 418 = n*h, -h = 5*t - 3*h + 706. Let j = t + 334. What is the tens digit of j?
9
Suppose 3*c + 3*j - 223418 - 15760 = 0, 5*c - 4*j - 398666 = 0. What is the hundreds digit of c?
7
Let h be 2*((-8)/8 - 10/(-4)). Suppose 0 = -z + 4*i - 24, h*z = 2*i - i - 17. What is the tens digit of (10/(-4))/(z/56)?
3
Let m = 1394 - 814. What is the tens digit of m - 3/3*-1?
8
Suppose 0 = -3*p + 61 - 55. What is the tens digit of ((-3 - 1) + 241/p)*4?
6
Let s = -835 - -2391. Suppose s = r + 3*r. What is the hundreds digit of r?
3
Let y(q) = -q**2 + 8*q + 8. Let x be y(5). Let m = -24 + x. What is the tens digit of -10 - -70 - (-2)/m?
5
Suppose 36*b - 600054 = -47*b + 1328036. What is the ten thousands digit of b?
2
Suppose 44420 = 19*b - 294008. What is the ten thousands digit of b?
1
What is the units digit of (315/20)/(1/(-420)*-5)?
3
Suppose 4 = -8*z + 10*z. Let i be 3*(z - 3) - -34. Suppose -b = 3*m - 21, -25 = -b + 4*m + i. What is the tens digit of b?
3
Suppose -3*r + 4*m - 444 = 0, 150 = -8*r + 7*r + 2*m. Let i = 49 + r. What is the units digit of (-15846)/i + ((-1)/(-5) - 0)?
7
Let z(c) = 2*c**2 + 7*c + 29. Let x be 6/(48/26)*-4. What is the hundreds digit of z(x)?
2
Let u(p) = -1422*p - 463. What is the thousands digit of u(-11)?
5
Let m = -1207 - -2539. Let p = 17 + m. What is the hundreds digit of p?
3
Let o = 41 - 52. Let m(x) = -2*x**2 - 22*x + 2. Let q be m(o). Suppose 2*b - 8 = 0, -4*l = -l + q*b - 251. What is the units digit of l?
1
Suppose 5*r - 3*x = 25, 5 = -0*x + x. Suppose 407 = i + p, -3*i - r*p + 7*p + 1221 = 0. What is the hundreds digit of i?
4
What is the hundreds digit of 193750/42 - ((-1138)/(-42) + -27)?
6
Suppose 0*n - n + 4799 = -0*n. What is the units digit of n?
9
Let y(d) = -15*d - 48. Let q be y(15). Let n = 499 + q. Suppose -38*x = -36*x - n. What is the hundreds digit of x?
1
Let w(k) = 255*k + 2375. What is the hundreds digit of w(12)?
4
Let y be (-770947)/(-43) - (-1 + -3). What is the units digit of (5/1)/(79/y)?
5
Let g be 18/(-28)*-1244 + 10/35. What is the tens digit of (g/(-48))/(1/(-36))?
0
Let b be (-6 - 66/(-12)) + 1/(-2). Let g be b/(-2)*0/(-3 - -6). Suppose 4*d = 3*f - 693, 218 = f + 3*d - g*d. What is the units digit of f?
7
Let u = -37 - -85. Suppose 0 = -u*o + 51*o + 3. Let d(g) = -159*g - 4. What is the hundreds digit of d(o)?
1
Suppose 91*b - 3*o = 96*b - 239202, 2*o = 4*b - 191388. What is the ten thousands digit of b?
4
What is the units digit of 1*3/(-9) + (-6 - (-250662)/9)?
5
Suppose -2*g + 944 = 4*m, 5*m + 1581 - 610 = 2*g. Suppose 0 = -5*a, -8*a = -4*q - 9*a + 1112. Let k = g - q. What is the units digit of k?
0
Let f = -140 + 217. Let m be (2 + -1)/(11/f). Suppose 0 = m*p - 5*p - 218. What is the hundreds digit of p?
1
Let f(v) be the second derivative of -295*v**3/6 + 249*v**2/2 - 22*v + 3. What is the tens digit of f(-5)?
2
Let u = -2 - -11. Let y(t) = 74*t + 21. Let p be y(u). Suppose -4*z + g = -0*g - p, -4*z + 5*g = -699. What is the units digit of z?
1
Let k be ((-57)/76)/((-2)/(-48)). Let u(l) = -10*l + 233. What is the units digit of u(k)?
3
Suppose 5 + 40 = 3*w. Suppose -w*l + 28 = -17. Suppose -5*y = 4*r - 2*r - 1386, -l*y - 4*r = -826. What is the hundreds digit of y?
2
What is the hundreds digit of (-856)/(-321)*(1 - 1/(-2)) - -28222?
2
Suppose -4*s = 3*i - 327, 9*s - 516 = -5*i + 12*s. What is the hundreds digit of i?
1
Let j(n) = 2*n**2 + 4*n - 28. Let u be j(3). Let y = 18 - 13. Suppose -l - 47 = -r, 76 = u*r + y*l - l. What is the tens digit of r?
4
Let z = 33 - 28. Suppose z*f - 9*f - 88 = 0. What is the units digit of (-1 + (-2)/(12/f))*15?
0
Let f = -5202 + 5209. Suppose -2*i - 2*i = -28. Suppose i = -f*a + 147. What is the tens digit of a?
2
Let d = 77212 - 52875. What is the units digit of d?
7
Let z = -30399 + 43534. Suppose 23*l = 8209 + z. What is the hundreds digit of l?
9
Let m = -46 + 50. Suppose -3*z = 5*x - 287, 381 = m*z + 2*x + 3*x. Suppose 5*o - z = 301. What is the units digit of o?
9
Let d be (14*8/(-48))/((-2)/(-6)). Let s(m) = -21*m + 71. What is the hundreds digit of s(d)?
2
Let h(v) = -7*v**3 - v**2 + 2*v - 1. Let q be h(1). Let a be 47/q + 4 + 30/(-7). What is the units digit of 2/a - (-3199)/49?
5
Let o = 425 + -421. What is the units digit of (-3)/((-78)/o) - 142263/(-143)?
5
Let l(f) = 9*f + 3140. What is the thousands digit of l(67)?
3
Suppose 3*q + 4*h - 2*h - 8 = 0, q + 2*h = 4. Suppose q*p - i = 480, 0*p - 5*i = 2*p - 480. Suppose 21*r = 24*r - p. What is the units digit of r?
0
Let j(d) = d**3 - 33*d**2 + 3*d - 306. What is the units digit of j(38)?
8
Suppose 1599962 - 397674 = 30*f - 201862. What is the thousands digit of f?
6
Suppose 5*w = 3*w - 5*w. Let d(m) = -6*m - 180. Let j be d(w). What is the units digit of (j/42)/(2/(-14))?
0
Let g be 42/(-28) + 634/4. Let s = g + -139. What is the tens digit of s?
1
Let x be (-29890)/(-15) + (-4)/6. Suppose x = 2*y + 4*f, -973 - 2045 = -3*y + 4*f. What is the thousands digit of y?
1
Suppose -2588*k = -2576*k - 3708 - 9720. What is the tens digit of k?
1
Suppose -412 = -245*i + 1058. Let t(n) = 0 - 3 + n**3 + 15*n - 7*n**2 - 3. What is the tens digit of t(i)?
4
Suppose -28*f - 306 = -54. What is the units digit of (69/(-23))/(f/1401)?
7
Suppose -6*y - 924389 = -50*y + 483655. What is the units digit of y?
1
Suppose 16 = 4*o + 4*y, 2*y = 9 - 1. Suppose -3*d + d + 28 = o. Let t(h) = -2*h**2 + 30*h - 18. What is the units digit of t(d)?
0
Let d(u) = u**2 + 22*u - 12. Let i be d(-21). Let t = i - -241. What is the tens digit of t?
0
Suppose 0 = -k + 12 - 10, 5*k = 3*c - 1001. Let v = 105 + c. What is the hundreds digit of v?
4
Let d(g) = -27 + 54 - g**2 + g**2 + 12*g + 2*g**2. What is the tens digit of d(-18)?
5
Suppose 3*h + 37992 - 2639 = 5*d, -35373 = -5*d - 2*h. What is the thousands digit of d?
7
What is the thousands digit of 95*97/(-15)*-3 - -7?
1
Let s(x) = 9 - 11*x - 2*x - 6*x. Suppose 2*j - 3 = -9. What is the units digit of s(j)?
6
Let g(r) be the third derivative of -r**6/120 + r**5/6 + r**4/24 - r**3/2 - r**2. Let s be -15*(-21)/36 + 12/(-16). What is the hundreds digit of g(s)?
1
Let x(r) = 8*r + 60. Let u be x(0). Let c = -56 + u. What is the tens digit of (-3 + c - -61) + -4?
5
Suppose 0 = 6*f - 32*f + 18216 + 13946. What is the thousands digit of f?
1
Let z(v) = 32*v**2 + 180*v - 2242. What is the units digit of z(13)?
6
Suppose 0*b + 23379 = 4*x + b, 2*b = 6. What is the hundreds digit of x?
8
Suppose 2*a = 10, -3*a - 57389 = -12*c + 8*c. What is the tens digit of c?
5
Let c(q) = 17*q**2 + 177*q + 118. What is the ten thousands digit of c(-31)?
1
What is the thousands digit of (12 - (-315147)/(-42))*-2*1?
4
Suppose -2*o + 2*k + 14 = 0, -5*o + o = 5*k - 10. Suppose 6*y - o*y = -f + 239, -3*y + 3*f = -693. What is the tens digit of y?
3
Suppose -u - 51 = 4*a, 0*u + 15 = -2*a + 3*u. Let h be (a/(-4))/(-3) - -26. What is the units digit of -4*1*-38*h/40?
5
Let h(w) = 4*w - 24. Let p be h(6). Suppose -4*s + 10*s - 1434 = p. What is the tens digit of s?
3
Let k(q) = -q**3 - 2*q**2 + 41*q + 18. Let r be k(-14). Suppose 0 = -13*t + 9098 + r. What is the tens digit of t?
3
Let h(w) be the first derivative of -155*w**2/2 - 4*w + 38. What is the tens digit of h(-4)?
1
Let w = 17565 - 7113. What is the thousands digit of w?
0
Suppose -7*g + 10 = 5*s - 2*g, 2*g + 24 = 5*s. Suppose -s*v = 5*m - 2240, -4*v + 464 = m - 0*v. Suppose -t + 5*t - m = 0. What is the units digit of t?
1
Suppose 3*g + 0*s = 3*s + 3, 5*g + 3*s = 21. Suppose -q + 19 = g*i - 0*q, 5*i - q = 29. Let v(d) = 29*d + 3. What is the hundreds digit of v(i)?
1
Let s(k) = 4*k**2 - 3*k + 4. Let y = -106 + 103. Let p be s(y). Suppose 2*b - p = -27. What is the units digit of b?
1
Suppose 2*c - 27 = -j + 4*c, -4*c = 3*j - 121. Suppose -2*g - 3*g + 5*n + 25 = 0, g + 5*n = j. Suppose 2*b - 218 - g = 0. What is the tens digit of b?
1
Let t(u) = -u**3 - 2*u**2 + 14*u - 15. Let m be 1*(-100)/(-30)*(-24)/10. What is the units digit of t(m)?
7
Suppose 32*k - 14300 - 27012 = 0. Suppose k - 3889 = -2*m. What is the units digit of m?
9
Let q(w) = 